{"id":814,"date":"2018-08-30T13:45:54","date_gmt":"2018-08-30T16:45:54","guid":{"rendered":"https:\/\/ieshernandarias-ers.infd.edu.ar\/sitio\/autoridades\/"},"modified":"2025-12-04T20:58:22","modified_gmt":"2025-12-04T23:58:22","slug":"autoridades","status":"publish","type":"page","link":"https:\/\/ieshernandarias-ers.infd.edu.ar\/sitio\/autoridades\/","title":{"rendered":"Autoridades"},"content":{"rendered":"<p><strong>Autoridades<\/strong><\/p>\n<ul>\n<li>Rector: Prof. Ridolfi, Walter Ra\u00fal.<\/li>\n<li>Secretaria: Prof. Rausch, Silvia Noemi.<\/li>\n<li>Secretaria Acad\u00e9mica: Prof. Gonzalez, Juliana Patricia.<\/li>\n<li>Coordinador de Pr\u00e1cticas: Prof. Quartino, Adriana<\/li>\n<li>Preceptor: Prof. Kloster, An\u00edbal Javier.<\/li>\n<li>Auxiliar Administrativo: Bula Quartino, Lucila Mar\u00eda Bel\u00e9n.<\/li>\n<li>Bibliotecaria: Selva, Susana Leticia.<\/li>\n<li>Referente T\u00e9cnico Institucional: Prof. Gonzalez, Hugo Alberto<\/li>\n<\/ul>\n","protected":false},"excerpt":{"rendered":"<p>Autoridades Rector: Prof. Ridolfi, Walter Ra\u00fal. Secretaria: Prof. Rausch, Silvia Noemi. Secretaria Acad\u00e9mica: Prof. Gonzalez, Juliana Patricia. Coordinador de Pr\u00e1cticas: Prof. Quartino, Adriana Preceptor: Prof. Kloster, An\u00edbal Javier. Auxiliar Administrativo: Bula Quartino, Lucila Mar\u00eda Bel\u00e9n. Bibliotecaria: Selva, Susana Leticia. Referente T\u00e9cnico Institucional: Prof. Gonzalez, Hugo Alberto<\/p>\n","protected":false},"author":73,"featured_media":0,"parent":0,"menu_order":0,"comment_status":"closed","ping_status":"closed","template":"","meta":[],"acf":[],"_links":{"self":[{"href":"https:\/\/ieshernandarias-ers.infd.edu.ar\/sitio\/wp-json\/wp\/v2\/pages\/814"}],"collection":[{"href":"https:\/\/ieshernandarias-ers.infd.edu.ar\/sitio\/wp-json\/wp\/v2\/pages"}],"about":[{"href":"https:\/\/ieshernandarias-ers.infd.edu.ar\/sitio\/wp-json\/wp\/v2\/types\/page"}],"author":[{"embeddable":true,"href":"https:\/\/ieshernandarias-ers.infd.edu.ar\/sitio\/wp-json\/wp\/v2\/users\/73"}],"replies":[{"embeddable":true,"href":"https:\/\/ieshernandarias-ers.infd.edu.ar\/sitio\/wp-json\/wp\/v2\/comments?post=814"}],"version-history":[{"count":7,"href":"https:\/\/ieshernandarias-ers.infd.edu.ar\/sitio\/wp-json\/wp\/v2\/pages\/814\/revisions"}],"predecessor-version":[{"id":1235,"href":"https:\/\/ieshernandarias-ers.infd.edu.ar\/sitio\/wp-json\/wp\/v2\/pages\/814\/revisions\/1235"}],"wp:attachment":[{"href":"https:\/\/ieshernandarias-ers.infd.edu.ar\/sitio\/wp-json\/wp\/v2\/media?parent=814"}],"curies":[{"name":"wp","href":"https:\/\/api.w.org\/{rel}","templated":true}]}}