{"id":930,"date":"2020-02-19T18:38:42","date_gmt":"2020-02-19T21:38:42","guid":{"rendered":"https:\/\/ieshernandarias-ers.infd.edu.ar\/sitio\/?page_id=930"},"modified":"2023-02-22T19:20:49","modified_gmt":"2023-02-22T22:20:49","slug":"tecnicatura-superior-en-seguridad-higiene-y-ambiente-en-el-trabajo","status":"publish","type":"page","link":"https:\/\/ieshernandarias-ers.infd.edu.ar\/sitio\/tecnicatura-superior-en-seguridad-higiene-y-ambiente-en-el-trabajo\/","title":{"rendered":"Tecnicatura Superior en Seguridad, Higiene y Ambiente en el Trabajo"},"content":{"rendered":"<p>La Tecnicatura fue autorizada por el t\u00e9rmino de dos (2) cohortes a partir del ciclo lectivo 2020.<\/p>\n<p>En el a\u00f1o 2022 se aprob\u00f3 la apertura de una cohorte que inicia en el mismo a\u00f1o.<\/p>\n","protected":false},"excerpt":{"rendered":"<p>La Tecnicatura fue autorizada por el t\u00e9rmino de dos (2) cohortes a partir del ciclo lectivo 2020. En el a\u00f1o 2022 se aprob\u00f3 la apertura de una cohorte que inicia en el mismo a\u00f1o.<\/p>\n","protected":false},"author":37,"featured_media":0,"parent":0,"menu_order":0,"comment_status":"closed","ping_status":"closed","template":"","meta":[],"acf":[],"_links":{"self":[{"href":"https:\/\/ieshernandarias-ers.infd.edu.ar\/sitio\/wp-json\/wp\/v2\/pages\/930"}],"collection":[{"href":"https:\/\/ieshernandarias-ers.infd.edu.ar\/sitio\/wp-json\/wp\/v2\/pages"}],"about":[{"href":"https:\/\/ieshernandarias-ers.infd.edu.ar\/sitio\/wp-json\/wp\/v2\/types\/page"}],"author":[{"embeddable":true,"href":"https:\/\/ieshernandarias-ers.infd.edu.ar\/sitio\/wp-json\/wp\/v2\/users\/37"}],"replies":[{"embeddable":true,"href":"https:\/\/ieshernandarias-ers.infd.edu.ar\/sitio\/wp-json\/wp\/v2\/comments?post=930"}],"version-history":[{"count":7,"href":"https:\/\/ieshernandarias-ers.infd.edu.ar\/sitio\/wp-json\/wp\/v2\/pages\/930\/revisions"}],"predecessor-version":[{"id":1129,"href":"https:\/\/ieshernandarias-ers.infd.edu.ar\/sitio\/wp-json\/wp\/v2\/pages\/930\/revisions\/1129"}],"wp:attachment":[{"href":"https:\/\/ieshernandarias-ers.infd.edu.ar\/sitio\/wp-json\/wp\/v2\/media?parent=930"}],"curies":[{"name":"wp","href":"https:\/\/api.w.org\/{rel}","templated":true}]}}